Suppose 9 = 3*g, -5*a - h*g - 3*g = -80. What are the prime factors of a?
13
Suppose 1668*a - 1671*a = -15. Suppose -a*o + 5118 + 1727 = 0. What are the prime factors of o?
37
Let i(u) be the first derivative of 8*u**2 + 188*u + 118. List the prime factors of i(27).
2, 5, 31
Suppose -9*z - 16*z + 3250 = 0. Let c = z + 44. What are the prime factors of c?
2, 3, 29
Let d be ((-2)/2)/(1/(-11)). Suppose -15*x - 76 = -d*x. Let s = 117 + x. What are the prime factors of s?
2, 7
Let m = -8149 - -16962. What are the prime factors of m?
7, 1259
Let l(z) = 7*z - 9. Let o be l(-7). Suppose 0 = u + 4*u + 180. Let b = u - o. List the prime factors of b.
2, 11
Suppose 4*j - 4*v - 20 = j, 2*v + 10 = -j. Suppose -2*i - 17 = -13, 4*b - 5*i - 1826 = j. What are the prime factors of b?
2, 227
Let k(d) = -3*d + 1. Let g be k(-1). Suppose r - g*q - 414 = 0, 376 + 1258 = 4*r - 5*q. List the prime factors of r.
2, 7, 29
Let m = -109 + 160. Let l = 1270 - 1111. Let t = l - m. What are the prime factors of t?
2, 3
Let t = 438 + -439. List the prime factors of 4*((-35486)/(-22))/(t - -5).
1613
Suppose -4*v + 69 = 77. List the prime factors of 9/(9/2)*v - -1000.
2, 3, 83
Let k = 3183 - 955. What are the prime factors of -1 + -3 + k/2?
2, 3, 5, 37
Let k = -38 + 43. Suppose -11*n = -k*n - 3360. What are the prime factors of n?
2, 5, 7
Suppose 5*h - 200 = 70. Let u = h - 216. Let r = -60 - u. List the prime factors of r.
2, 3, 17
Let t be (5 + 0)*(-114512)/(-85). Suppose 6074 + t = 14*o. What are the prime factors of o?
3, 5, 61
Let q be 602 + (-6)/(-8)*4. Suppose 3*o + 4*x = 1618, -o = 2*x - q + 67. What are the prime factors of o?
2, 271
Let b = -7 + 188. Suppose 5*t - 4*s - b - 1307 = 0, -3*t + s + 890 = 0. List the prime factors of t.
2, 37
Let f(n) = -4*n**3 - 9*n**2 + 11*n - 50. Let w(g) = -4*g**3 - 8*g**2 + 11*g - 48. Let o(b) = 5*f(b) - 6*w(b). What are the prime factors of o(6)?
2, 59
Let s(d) = 14*d - 2. Let x be s(0). Let l(q) = 100*q**2 - 5*q - 9. List the prime factors of l(x).
401
Let h(k) = -1543*k - 203. List the prime factors of h(-5).
2, 3, 313
Let j(b) = -b**3 + 14*b**2 - 17*b - 11. Suppose 9*d - 24 = 7*d. Let t be j(d). Let u = t - 16. List the prime factors of u.
3, 19
Let x(v) = -32*v - 14. Let k be x(-2). Suppose -5*f + k = -5*p, 2*f - 1 = 4*p + 27. Suppose -4*t - 360 = -f*t. List the prime factors of t.
2, 3, 5
Let a(j) = -4*j - 77. Let i be a(-18). What are the prime factors of (-1)/i - 5274/(-30)?
2, 11
Let q be -4 - 6/(6/(-7)). Suppose 2*l - 125 = -q*z + 188, -2*l = 2*z - 308. What are the prime factors of l?
149
Suppose c + 2832 = -3*x - 4*c, 2*c - 1888 = 2*x. Let w = -535 - x. What are the prime factors of w?
409
Let l = -56399 + 91304. What are the prime factors of l?
3, 5, 13, 179
Let r = 22885 - 10795. Suppose -r = -15*k - 16*k. List the prime factors of k.
2, 3, 5, 13
Suppose -153*m + 7137905 = -24*m + 2128964. What are the prime factors of m?
3, 7, 43
Let t(f) = -14*f + 2. Let i be t(-1). What are the prime factors of (-72)/i*138/(-9)?
3, 23
Suppose -7*s + 9387 = 14*s. Let z = -438 + s. What are the prime factors of z?
3
Let n be (515/(-8))/(9/(-12)) - (-21)/126. Suppose -250 = -4*z + 118. Let w = z - n. What are the prime factors of w?
2, 3
Let t be (-1)/(-3) + -87*(-9)/81. Let y = -874 - -1342. Suppose 6*v = t*v - y. What are the prime factors of v?
3, 13
Suppose 7*x + 2*b = 2*x + 1006, -4*b = -12. Let a = x + 45. Let n = 387 - a. What are the prime factors of n?
2, 71
Let i = -333 - -744. Let n = i - 130. List the prime factors of n.
281
Suppose 59*j = 12*j + 242755. List the prime factors of j.
5, 1033
Let l be (-3)/(-12) - 37605/(-92). Suppose -t + 2*t = -4*h + l, -h = 0. List the prime factors of t.
409
Let p(k) = 3*k**2 + 57*k - 6885. What are the prime factors of p(-121)?
3, 17, 197
Let t(u) = -10*u**3 + 3*u**2 + u. Suppose -2*k + 5*k = -3. Let l be t(k). Let o = l + 3. List the prime factors of o.
3, 5
Let g(n) be the second derivative of -7*n**3/6 - 8*n**2 + 4*n. Suppose -7 - 14 = 3*v. What are the prime factors of g(v)?
3, 11
Let l = -157 - -335. Let q = -90 + l. Suppose 15*v - 14*v - q = 0. What are the prime factors of v?
2, 11
What are the prime factors of ((-6830)/(-8) - 23/92)/((-3)/(-52))?
2, 13, 569
List the prime factors of 1/(((-7)/21245)/(-1)).
5, 607
Let u(x) = -573*x - 111. List the prime factors of u(-19).
2, 3, 449
Suppose 0 = 3*z - 0. Suppose 814 = 5*o + 3*v + 141, z = -3*o - 4*v + 395. Let y = o + -67. What are the prime factors of y?
2, 5, 7
Suppose 48*y - 85*y + 135270 = 44*y. What are the prime factors of y?
2, 5, 167
Suppose -f = 66 - 787. Suppose 0 = 3*o + 2*w - 520, w + f - 207 = 3*o. What are the prime factors of o?
2, 43
Let j(k) = 2 + 5*k**2 - 2*k - 12*k**2 + 57*k**2 - 4. Let w(x) = x**3 - 6*x**2 - x + 4. Let r be w(6). List the prime factors of j(r).
2, 101
Let c(y) = 2*y + 8. Let s be c(-8). Let p be (-26)/52*s/2. List the prime factors of -22*(4 + -4 - p).
2, 11
Suppose -5*s + 3*u + 22927 = 0, 2*s + 3*u - 6480 - 2674 = 0. List the prime factors of s.
4583
Suppose 2*v - 163 = 47. What are the prime factors of (v/30)/(1/36)?
2, 3, 7
Suppose 45*z - 42*z = -4*c + 3105, 0*c + 3*c = 0. What are the prime factors of z?
3, 5, 23
Suppose -f = 2*u - 37651, -10*u + 150616 = 4*f - 8*u. List the prime factors of f.
5, 17, 443
Let w = -193 - -195. What are the prime factors of -7 + (-5718)/(-18) + w/6?
311
Let b(x) = x + 3. Let n be b(1). Let w be n/1 - (3 - 4). Suppose m = w*m - 16. List the prime factors of m.
2
Suppose -11*h - 1758 = -17*h. Suppose 2*n - n - h = k, 0 = 4*n - 2*k - 1178. What are the prime factors of n?
2, 37
Let v(y) = y**3 - 13*y**2 + 13*y - 17. Let a be v(12). Let m be 12/(-4) - a - 205. Let b = -59 - m. List the prime factors of b.
2, 3
Suppose 2*w - 6*w - 3*j = 570, -438 = 3*w - 3*j. Let o = 22 - w. List the prime factors of o.
2, 83
Let m = 130 + -76. Let p be 1*(0 + -2)*m/12. Let z(o) = -11*o - 12. List the prime factors of z(p).
3, 29
What are the prime factors of (-85123)/(-46)*(-2)/(-1)?
3701
Let t(n) = n**2 + 6*n + 5. Let g be t(-4). List the prime factors of 72/(((-36)/64)/g).
2, 3
Let o = 2212 - 2105. Let y = -238 + 434. Let s = y - o. List the prime factors of s.
89
Let w(r) = r**3 - 25*r**2 - 25*r - 22. Let y be w(26). Suppose b = 4*v + 1167, 2*v - 775 = y*b - 5401. List the prime factors of b.
3, 5, 7, 11
Suppose -3*c + 1373 + 4111 = 0. Suppose 3*k - c + 373 = 0. List the prime factors of k.
5, 97
Suppose -2*q - 3*v + 21 = -0*q, 0 = -2*v + 10. Suppose 2*o = -5*p + 14, 0*o - 21 = -3*o + q*p. List the prime factors of o.
7
What are the prime factors of (-8)/18 + (-14876082)/(-243) + -24?
2, 3, 7, 31, 47
Suppose 18968*q = 18982*q - 66584. What are the prime factors of q?
2, 29, 41
Let r(x) = 13*x**2 - 9*x - 8. Let o(h) = -27*h**2 + 18*h + 16. Let z(d) = -4*o(d) - 7*r(d). Let m = -17 - -14. What are the prime factors of z(m)?
2, 43
Suppose -14*y + 5*w = -18*y + 202641, y - 4*w - 50655 = 0. What are the prime factors of y?
7, 7237
Suppose 3*o - 5*o = -6. Suppose -23 + o = -5*i. Suppose -132 = -3*y - 3*z + 234, -i*y + 5*z = -461. List the prime factors of y.
7, 17
Let w(p) = 2*p + 4. Let k be 4/(-18)*-9*1. Suppose -4*a + 40 = k*m + m, -m + 4*a = 8. What are the prime factors of w(m)?
2, 5
Suppose 0 = -7*q + q + 1188. Suppose -5*w + 381 = -4*c, -c - c + 4*w - q = 0. What are the prime factors of (2 + -1)*(0 + -3) - c?
2, 43
Suppose -15*q + 40 = -7*q. Suppose 0 = -s - q*s + 654. List the prime factors of s.
109
Suppose 8*a - 3*y = 3*a + 7, y - 1 = 0. Suppose -a*m = 5*q - 48, -m - 4*m + 158 = 3*q. List the prime factors of m.
2, 17
Let i(s) = -s**2 - 7*s - 8. Let y be i(-3). Suppose -493 = -y*b + 3*f + 214, 3*b - f = 529. List the prime factors of b.
2, 11
Let p = -12 + 15. Let u(j) = j**2 - 10*j - 17. Let o be u(-9). Suppose -p*t = -t - o. List the prime factors of t.
7, 11
Suppose 26 = 2*u + 4*f, 0 = 6*u - 5*u - 2*f - 1. Let h(o) = -9*o**2 - 7*o + 8*o - 13 - 8*o + 2*o**3. What are the prime factors of h(u)?
3, 61
Let l(g) = g**2 + 33*g + 94. Let d be l(-3). Suppose -182 = -x - 5*p, 4*p + 749 = d*x + 3*p. List the prime factors of x.
11, 17
Let s(c) = 11*c + 39. Let p be s(-3). What are the prime factors of (36/p)/(((-9)/(-15))/3)?
2, 3, 5
Let j(i) = -990*i**3 - i**2 - 3*i + 4. Let y